 98081
What are the prime factors of 6017275?
5, 11, 21881
List the prime factors of 850921665.
3, 5, 11, 5157101
What are the prime factors of 5965751411?
5965751411
What are the prime factors of 57017139?
3, 379, 50147
List the prime factors of 3507889820.
2, 5, 17, 19, 543017
List the prime factors of 37807645.
5, 89, 84961
What are the prime factors of 149501975?
5, 7, 19, 44963
List the prime factors of 1216037340.
2, 3, 5, 7, 389, 827
List the prime factors of 36794817.
3, 17, 2969
What are the prime factors of 84472607?
73, 1157159
List the prime factors of 5081766.
2, 3, 846961
List the prime factors of 10874663.
863, 12601
List the prime factors of 384170858.
2, 43, 229, 19507
List the prime factors of 58036392.
2, 3, 139, 1933
List the prime factors of 1490676489.
3, 165630721
What are the prime factors of 1014642530?
2, 5, 11, 659, 13997
What are the prime factors of 137183666?
2, 68591833
List the prime factors of 134085353.
89, 773, 1949
What are the prime factors of 110738243?
7, 11, 1438159
List the prime factors of 7062508127.
29, 151, 383, 4211
What are the prime factors of 250680290?
2, 5, 7, 131, 27337
What are the prime factors of 1053251319?
3, 29, 31, 390527
What are the prime factors of 132629977?
73, 1816849
List the prime factors of 49381405.
5, 9876281
What are the prime factors of 4112505017?
3637, 1130741
List the prime factors of 32245103.
11, 23, 233, 547
What are the prime factors of 78006291?
3, 11, 67, 35281
List the prime factors of 863566396.
2, 7, 11, 269, 1489
List the prime factors of 28850523.
3, 13, 131, 5647
What are the prime factors of 1598932741?
7, 228418963
List the prime factors of 2974992798.
2, 3, 73, 6792221
What are the prime factors of 131189306?
2, 17, 3858509
What are the prime factors of 339373926?
2, 3, 31, 739, 823
What are the prime factors of 4068967140?
2, 3, 5, 7, 179, 18041
List the prime factors of 28880193.
3, 2897, 3323
What are the prime factors of 45580944?
2, 3, 17, 83, 673
List the prime factors of 181767020.
2, 5, 43, 241, 877
List the prime factors of 985516478.
2, 11131, 44269
What are the prime factors of 205797388?
2, 4391, 11717
What are the prime factors of 327654017?
373, 613, 1433
What are the prime factors of 188798488?
2, 23599811
List the prime factors of 9827514.
2, 3, 127, 1433
What are the prime factors of 24856373?
41, 47, 12899
What are the prime factors of 113481831?
3, 709, 53353
List the prime factors of 2861451046.
2, 263, 1187, 4583
What are the prime factors of 351533509?
351533509
What are the prime factors of 2097463536?
2, 3, 7, 17, 122401
What are the prime factors of 308449509?
3, 5471, 18793
List the prime factors of 257820428.
2, 31, 2079197
List the prime factors of 1497865635.
3, 5, 7, 37, 42839
What are the prime factors of 983742881?
11, 239, 374189
What are the prime factors of 86355024?
2, 3, 7, 157, 1637
What are the prime factors of 519311188?
2, 11, 1072957
What are the prime factors of 42578414?
2, 173, 123059
List the prime factors of 280683135.
3, 5, 2447, 2549
What are the prime factors of 219563191?
219563191
List the prime factors of 172220670.
2, 3, 5, 223, 8581
What are the prime factors of 167428171?
19, 149, 59141
What are the prime factors of 614269393?
733, 838021
List the prime factors of 259534371.
3, 86511457
List the prime factors of 6539964315.
3, 5, 269, 907, 1787
What are the prime factors of 1226475?
3, 5, 23, 79
What are the prime factors of 4695538931?
197, 23835223
What are the prime factors of 52901134?
2, 11, 13, 184969
List the prime factors of 286981484.
2, 43, 97, 103, 167
List the prime factors of 95674081.
1481, 64601
List the prime factors of 139091141.
7, 31, 640973
List the prime factors of 45338467.
45338467
What are the prime factors of 60876061?
60876061
List the prime factors of 19301048.
2, 13, 23, 8069
What are the prime factors of 389437085?
5, 29, 977, 2749
What are the prime factors of 507289375?
5, 59, 13757
What are the prime factors of 196018567?
409, 479263
List the prime factors of 454916530.
2, 5, 113, 402581
What are the prime factors of 5005718093?
19, 1811, 145477
What are the prime factors of 7693836?
2, 3, 59, 10867
What are the prime factors of 203411000?
2, 5, 13, 15647
What are the prime factors of 5932456?
2, 17, 181, 241
List the prime factors of 51380329.
7, 11, 13, 51329
List the prime factors of 36224232.
2, 3, 11, 43, 3191
What are the prime factors of 91663780?
2, 5, 13, 29, 12157
What are the prime factors of 126683842?
2, 63341921
List the prime factors of 18863586.
2, 3, 7, 149711
List the prime factors of 406825486.
2, 103, 1974881
List the prime factors of 823201097.
211, 3901427
What are the prime factors of 917835703?
29, 31649507
List the prime factors of 1596089824.
2, 7, 43, 165707
What are the prime factors of 671854358?
2, 7, 59, 813383
List the prime factors of 418549950.
2, 3, 5, 7, 13, 3407
What are the prime factors of 237026990?
2, 5, 1951, 12149
List the prime factors of 462687016.
2, 11, 5257807
What are the prime factors of 524522161?
524522161
List the prime factors of 938872957.
11, 17, 5020711
What are the prime factors of 96677183?
4013, 24091
What are the prime factors of 262039311?
3, 31, 181, 5189
What are the prime factors of 1554479930?
2, 5, 53, 2932981
List the prime factors of 138694780.
2, 5, 7, 43, 23039
What are the prime factors of 395154563?
43, 227, 40483
List the prime factors of 746455061.
11, 41, 97, 113, 151
List the prime factors of 4678332160.
2, 5, 3654947
What are the prime factors of 31111740?
2, 3, 5, 11, 19, 827
List the prime factors of 357407727.
3, 19, 2237, 2803
What are the prime factors of 22674137?
22674137
List the prime factors of 34071511.
31, 1099081
List the prime factors of 209433717.
3, 23270413
What are the prime factors of 296109159?
3, 1511, 65323
What are the prime factors of 1135286982?
2, 3, 61, 344653
List the prime factors of 90055751.
90055751
What are the prime factors of 649844762?
2, 7, 59, 167, 673
What are the prime factors of 1083145565?
5, 17, 223, 57143
What are the prime factors of 378661829?
7, 13, 4161119
List the prime factors of 30121031.
47, 640873
What are the prime factors of 608803269?
3, 17, 11937319
List the prime factors of 197158022.
2, 19, 743, 6983
What are the prime factors of 14566795?
5, 2913359
List the prime factors of 420822573.
3, 17, 467, 17669
What are the prime factors of 405863229?
3, 89, 97, 15671
What are the prime factors of 671116716?
2, 3, 223, 83597
What are the prime factors of 2039138924?
2, 127, 4014053
What are the prime factors of 23738616?
2, 3, 11, 97, 103
What are the prime factors of 2456279138?
2, 89, 13799321
List the prime factors of 52798327.
719, 73433
What are the prime factors of 26206664?
2, 11, 27073
What are the prime factors of 171636685?
5, 11, 283697
What are the prime factors of 1738576277?
139, 1999, 6257
List the prime factors of 3275044177.
47, 69681791
List the prime factors of 229337476.
2, 57334369
List the prime factors of 46765532.
2, 11, 23, 4201
List the prime factors of 69824679.
3, 31, 750803
What are the prime factors of 203742015?
3, 5, 13582801
List the prime factors of 599036713.
11, 54457883
What are the prime factors of 33576069?
3, 31, 361033
What are the prime factors of 26269160?
2, 5, 59, 11131
List the prime factors of 546631534.
2, 273315767
List the prime factors of 304860588.
2, 3, 25405049
What are the prime factors of 64094009?
7, 67, 2789
What are the prime factors of 752997687?
3, 13, 19307633
List the prime factors of 58979486.
2, 223, 132241
What are the prime factors of 2080961645?
5, 7, 31, 311, 881
What are the prime factors of 94916824?
2, 43, 275921
List the prime factors of 2195676435.
3, 5, 587, 249367
List the prime factors of 6598457888.
2, 11, 18745619
What are the prime factors of 110656635?
3, 5, 7377109
What are the prime factors of 695464218?
2, 3, 4292989
What are the prime factors of 175943186?
2, 43, 2045851
What are the prime factors of 62697654?
2, 3, 1669, 2087
List the prime factors of 2890814879.
43, 67228253
What are the prime factors of 440520579?
3, 277, 58901
What are the prime factors of 6324892679?
7, 353, 967, 2647
What are the prime factors of 34167417?
3, 191, 59629
What are t